at is the thousands digit of 87514?
7
What is the thousands digit of 6315266?
5
What is the units digit of 824829?
9
What is the ten thousands digit of 1989873?
8
What is the ten thousands digit of 1546101?
4
What is the millions digit of 8500543?
8
What is the millions digit of 41318943?
1
What is the thousands digit of 370188?
0
What is the hundred thousands digit of 206884?
2
What is the hundred thousands digit of 226151?
2
What is the millions digit of 2221844?
2
What is the units digit of 125162?
2
What is the tens digit of 2554615?
1
What is the units digit of 16826812?
2
What is the units digit of 166675?
5
What is the ten thousands digit of 41157?
4
What is the hundred thousands digit of 3060744?
0
What is the tens digit of 866346?
4
What is the ten thousands digit of 855747?
5
What is the hundreds digit of 1229147?
1
What is the millions digit of 1213231?
1
What is the hundred thousands digit of 110909?
1
What is the tens digit of 402792?
9
What is the ten thousands digit of 5279368?
7
What is the units digit of 1026839?
9
What is the hundreds digit of 4540600?
6
What is the tens digit of 59303?
0
What is the thousands digit of 6872014?
2
What is the hundred thousands digit of 18640726?
6
What is the thousands digit of 162323?
2
What is the hundred thousands digit of 4775751?
7
What is the tens digit of 6935740?
4
What is the hundreds digit of 715102?
1
What is the units digit of 2205407?
7
What is the tens digit of 573882?
8
What is the tens digit of 134714?
1
What is the hundred thousands digit of 33715635?
7
What is the units digit of 3637188?
8
What is the hundreds digit of 4394851?
8
What is the units digit of 17126732?
2
What is the ten thousands digit of 310111?
1
What is the hundred thousands digit of 1037685?
0
What is the units digit of 221805?
5
What is the hundreds digit of 4244635?
6
What is the tens digit of 79889?
8
What is the units digit of 14073254?
4
What is the millions digit of 2487411?
2
What is the ten thousands digit of 286208?
8
What is the hundred thousands digit of 420336?
4
What is the hundreds digit of 2354440?
4
What is the hundred thousands digit of 176574?
1
What is the millions digit of 5393882?
5
What is the hundred thousands digit of 844138?
8
What is the ten millions digit of 11726687?
1
What is the tens digit of 537461?
6
What is the ten thousands digit of 99944?
9
What is the ten thousands digit of 424953?
2
What is the ten thousands digit of 103892?
0
What is the thousands digit of 1509766?
9
What is the ten millions digit of 11253555?
1
What is the tens digit of 531216?
1
What is the units digit of 909530?
0
What is the hundreds digit of 8070735?
7
What is the hundred thousands digit of 1217710?
2
What is the tens digit of 68852?
5
What is the thousands digit of 419337?
9
What is the ten thousands digit of 379873?
7
What is the ten thousands digit of 176002?
7
What is the hundred thousands digit of 8184259?
1
What is the millions digit of 1522251?
1
What is the hundred thousands digit of 179391?
1
What is the ten thousands digit of 531111?
3
What is the thousands digit of 906619?
6
What is the ten thousands digit of 176064?
7
What is the units digit of 131654?
4
What is the millions digit of 4431805?
4
What is the ten thousands digit of 4811719?
1
What is the thousands digit of 663070?
3
What is the ten thousands digit of 7577355?
7
What is the units digit of 47180?
0
What is the thousands digit of 1030757?
0
What is the millions digit of 2503430?
2
What is the thousands digit of 199150?
9
What is the units digit of 1222400?
0
What is the hundreds digit of 12879141?
1
What is the hundreds digit of 3559923?
9
What is the tens digit of 2002048?
4
What is the hundred thousands digit of 1338791?
3
What is the tens digit of 800749?
4
What is the thousands digit of 1674110?
4
What is the ten thousands digit of 444943?
4
What is the thousands digit of 5248865?
8
What is the units digit of 990798?
8
What is the hundred thousands digit of 39130925?
1
What is the hundreds digit of 2903961?
9
What is the units digit of 231988?
8
What is the ten thousands digit of 550010?
5
What is the millions digit of 1835699?
1
What is the hundred thousands digit of 4909914?
9
What is the thousands digit of 71324?
1
What is the hundred thousands digit of 4619242?
6
What is the tens digit of 133568?
6
What is the units digit of 2205018?
8
What is the tens digit of 4391804?
0
What is the units digit of 126236?
6
What is the ten thousands digit of 690558?
9
What is the millions digit of 15862129?
5
What is the hundred thousands digit of 2539587?
5
What is the units digit of 13990050?
0
What is the hundreds digit of 5231491?
4
What is the units digit of 1008115?
5
What is the units digit of 360054?
4
What is the ten thousands digit of 39433?
3
What is the ten millions digit of 14916396?
1
What is the ten thousands digit of 1151953?
5
What is the tens digit of 22952929?
2
What is the units digit of 9365040?
0
What is the hundreds digit of 1727650?
6
What is the millions digit of 6811364?
6
What is the millions digit of 41002013?
1
What is the hundreds digit of 3964554?
5
What is the hundreds digit of 127207?
2
What is the units digit of 21576656?
6
What is the units digit of 3948999?
9
What is the hundreds digit of 67552?
5
What is the units digit of 1821812?
2
What is the ten thousands digit of 179545?
7
What is the tens digit of 25007968?
6
What is the hundreds digit of 7990851?
8
What is the tens digit of 289997?
9
What is the units digit of 7871684?
4
What is the ten thousands digit of 86496?
8
What is the ten thousands digit of 262639?
6
What is the tens digit of 11808591?
9
What is the hundred thousands digit of 5847615?
8
What is the hundreds digit of 7160712?
7
What is the ten thousands digit of 1193853?
9
What is the ten thousands digit of 836707?
3
What is the units digit of 486611?
1
What is the thousands digit of 116259?
6
What is the thousands digit of 5538279?
8
What is the ten millions digit of 13697680?
1
What is the ten thousands digit of 144922?
4
What is the units digit of 82827?
7
What is the millions digit of 4546382?
4
What is the hundred thousands digit of 155388?
1
What is the units digit of 9818645?
5
What is the hundreds digit of 610223?
2
What is the hundreds digit of 4704965?
9
What is the ten thousands digit of 3049386?
4
What is the units digit of 24952227?
7
What is the thousands digit of 2399814?
9
What is the tens digit of 253127?
2
What is the units digit of 377845?
5
What is the thousands digit of 264493?
4
What is the millions digit of 1712592?
1
What is the hundred thousands digit of 2137053?
1
What is the units digit of 10083045?
5
What is the hundreds digit of 548549?
5
What is the hundred thousands digit of 4822570?
8
What is the tens digit of 9941779?
7
What is the millions digit of 18394692?
8
What is the units digit of 1661608?
8
What is the ten thousands digit of 653257?
5
What is the ten thousands digit of 581047?
8
What is the hundreds digit of 3266546?
5
What is the hundreds digit of 932337?
3
What is the tens digit of 16219372?
7
What is the hundred thousands digit of 267975?
2
What is the millions digit of 9073999?
9
What is the thousands digit of 422663?
2
What is the hundred thousands digit of 1369014?
3
What is the ten thousands digit of 964301?
6
What is the thousands digit of 21300?
1
What is the units digit of 251640?
0
What is the ten thousands digit of 3889160?
8
What is the hundred thousands digit of 200697?
2
What is the ten thousands digit of 5480796?
8
What is the tens digit of 887471?
7
What is the hundreds digit of 251682?
6
What is the units digit of 8934631?
1
What is the ten thousands digit of 59815?
5
What is the hundred thousands digit of 2378232?
3
What is the hundred thousands digit of 352743?
3
What is the tens digit of 467626?
2
What is the tens digit of 73085?
8
What is the tens digit of 116171?
7
What is the tens digit of 592205?
0
What is the units digit of 2492404?
4
What is the thousands digit of 16265577?
5
What is the units digit of 2387301?
1
What is the tens digit of 45810?
1
What is the ten thousands digit of 71995?
7
What is the hundreds digit of 21087554?
5
What is the hundred thousands digit of 2153098?
1
What is the units digit of 75605